{"id":617,"date":"2022-01-12T17:13:44","date_gmt":"2022-01-12T17:13:44","guid":{"rendered":"https:\/\/kitdigitalempresas.es\/?page_id=617"},"modified":"2023-08-24T10:51:37","modified_gmt":"2023-08-24T10:51:37","slug":"factura-electronica","status":"publish","type":"page","link":"https:\/\/kitdigitalempresas.es\/index.php\/factura-electronica\/","title":{"rendered":"Factura electr\u00f3nica"},"content":{"rendered":"\n<p>Con esta soluci\u00f3n podr\u00e1s tener digitalizado el flujo de emisi\u00f3n de las facturas a tus clientes.<\/p>\n\n\n\n<h2 class=\"wp-block-heading\">Funcionalidades y servicios<\/h2>\n\n\n\n<ul class=\"wp-block-list\">\n<li><strong>Facturas en formato estructurado:&nbsp;<\/strong>tendr\u00e1s la posibilidad emitir facturas en formatos estructurados, al menos en formato FACTURA-E, para facilitar su tratamiento automatizado.<strong><\/strong><\/li>\n\n\n\n<li><strong>Facturas ilimitadas:&nbsp;<\/strong>podr\u00e1s&nbsp;emitir un n\u00famero ilimitado de facturas.<\/li>\n\n\n\n<li><strong>Clientes ilimitados:&nbsp;<\/strong>tendr\u00e1s la capacidad de enviar facturas a un n\u00famero ilimitado de clientes.<\/li>\n\n\n\n<li><strong>Productos o servicios ilimitados:&nbsp;<\/strong>podr\u00e1s crear un n\u00famero ilimitado de productos y\/o servicios facturables dentro del cat\u00e1logo.<\/li>\n\n\n\n<li><strong>Env\u00edo de facturas por correo electr\u00f3nico:&nbsp;<\/strong>la soluci\u00f3n implantada por el Agente Digitalizador de tu elecci\u00f3n te posibilitar\u00e1 enviar facturas directamente por correo electr\u00f3nico.<\/li>\n\n\n\n<li><strong>Personalizaci\u00f3n de facturas:&nbsp;<\/strong>las facturas ser\u00e1n personalizables, incluyendo la selecci\u00f3n de tu logotipo.<\/li>\n\n\n\n<li><strong>Copia de seguridad peri\u00f3dicas:&nbsp;<\/strong>podr\u00e1s realizar copias de seguridad, con posibilidad de una periodicidad diaria.<\/li>\n\n\n\n<li><strong>1GB Almacenamiento\/Hist\u00f3rico de facturas:&nbsp;<\/strong>tendr\u00e1s un almacenamiento de, al menos, 1GB para las facturas.<\/li>\n\n\n\n<li><strong>Integraci\u00f3n con otras soluciones:&nbsp;<\/strong>la soluci\u00f3n deber\u00e1 disponer de APIs o Web Services para su integraci\u00f3n con otras herramientas, as\u00ed como permitir la carga de datos de manera manual.<\/li>\n\n\n\n<li><strong>Control de vencimiento de las facturas:&nbsp;<\/strong>tendr\u00e1s un sistema de control del vencimiento de las facturas.<\/li>\n\n\n\n<li><strong>Cumplimiento<\/strong>: podr\u00e1s asegurar el cumplimiento de la normativa aplicable, en concreto el Reglamento por el que se regulan las obligaciones de facturaci\u00f3n del Real Decreto 1619\/2012, as\u00ed como cualquier normativa de aplicaci\u00f3n .&nbsp;<\/li>\n<\/ul>\n\n\n\n<h2 class=\"wp-block-heading\">Porcentajes de ejecuci\u00f3n asociados a las fases<\/h2>\n\n\n\n<ul class=\"wp-block-list\">\n<li>Primera: 70 %<\/li>\n\n\n\n<li>Segunda: 30 %<\/li>\n<\/ul>\n\n\n\n<h2 class=\"wp-block-heading\">Importe m\u00e1ximo de la ayuda<\/h2>\n\n\n\n<ul class=\"wp-block-list\">\n<li>0 &lt; 3 empleados: 500\u20ac (hasta 1 usuario)<\/li>\n\n\n\n<li>3 &lt; 9 empleados: 1.000\u20ac (hasta 3 usuarios)<\/li>\n\n\n\n<li>10 &lt; 50 empleados: 1.000\u20ac (hasta 3 usuarios)<\/li>\n<\/ul>\n\n\n\n<h2 class=\"wp-block-heading\">precio<\/h2>\n\n\n\n<ul class=\"wp-block-list\">\n<li class=\"rojo\">0 &lt; 3 empleados: 500\u20ac (hasta 1 usuario)<\/li>\n\n\n\n<li class=\"rojo\">3 &lt; 9 empleados: 1.000\u20ac (hasta 3 usuarios)<\/li>\n\n\n\n<li class=\"rojo\">10 &lt; 50 empleados: 1.000\u20ac (hasta 3 usuarios)<\/li>\n<\/ul>\n","protected":false},"excerpt":{"rendered":"<p>Con esta soluci\u00f3n podr\u00e1s tener digitalizado el flujo de emisi\u00f3n de las facturas a tus clientes. Funcionalidades y servicios Porcentajes de ejecuci\u00f3n asociados a las fases Importe m\u00e1ximo de la ayuda precio<\/p>\n","protected":false},"author":1,"featured_media":0,"parent":0,"menu_order":0,"comment_status":"closed","ping_status":"closed","template":"","meta":{"site-sidebar-layout":"default","site-content-layout":"default","ast-main-header-display":"","ast-hfb-above-header-display":"","ast-hfb-below-header-display":"","ast-hfb-mobile-header-display":"","site-post-title":"","ast-breadcrumbs-content":"","ast-featured-img":"","footer-sml-layout":"","theme-transparent-header-meta":"","adv-header-id-meta":"","stick-header-meta":"","header-above-stick-meta":"","header-main-stick-meta":"","header-below-stick-meta":"","footnotes":""},"class_list":["post-617","page","type-page","status-publish","hentry"],"_links":{"self":[{"href":"https:\/\/kitdigitalempresas.es\/index.php\/wp-json\/wp\/v2\/pages\/617","targetHints":{"allow":["GET"]}}],"collection":[{"href":"https:\/\/kitdigitalempresas.es\/index.php\/wp-json\/wp\/v2\/pages"}],"about":[{"href":"https:\/\/kitdigitalempresas.es\/index.php\/wp-json\/wp\/v2\/types\/page"}],"author":[{"embeddable":true,"href":"https:\/\/kitdigitalempresas.es\/index.php\/wp-json\/wp\/v2\/users\/1"}],"replies":[{"embeddable":true,"href":"https:\/\/kitdigitalempresas.es\/index.php\/wp-json\/wp\/v2\/comments?post=617"}],"version-history":[{"count":2,"href":"https:\/\/kitdigitalempresas.es\/index.php\/wp-json\/wp\/v2\/pages\/617\/revisions"}],"predecessor-version":[{"id":677,"href":"https:\/\/kitdigitalempresas.es\/index.php\/wp-json\/wp\/v2\/pages\/617\/revisions\/677"}],"wp:attachment":[{"href":"https:\/\/kitdigitalempresas.es\/index.php\/wp-json\/wp\/v2\/media?parent=617"}],"curies":[{"name":"wp","href":"https:\/\/api.w.org\/{rel}","templated":true}]}}