{"id":619,"date":"2022-01-12T17:14:11","date_gmt":"2022-01-12T17:14:11","guid":{"rendered":"https:\/\/kitdigitalempresas.es\/?page_id=619"},"modified":"2023-08-24T10:52:23","modified_gmt":"2023-08-24T10:52:23","slug":"comunicaciones-seguras","status":"publish","type":"page","link":"https:\/\/kitdigitalempresas.es\/index.php\/comunicaciones-seguras\/","title":{"rendered":"Comunicaciones seguras"},"content":{"rendered":"\n<p>Con esta soluci\u00f3n dispondr\u00e1s de seguridad en las conexiones entre los dispositivos de tus empleados y la empresa.<\/p>\n\n\n\n<h2 class=\"wp-block-heading\">Funcionalidades&nbsp;y servicios<\/h2>\n\n\n\n<ul class=\"wp-block-list\">\n<li><strong>SSL:&nbsp;<\/strong>dispondr\u00e1s de un protocolo de capa de sockets seguros, para crear una conexi\u00f3n segura y cifrada.<\/li>\n\n\n\n<li><strong>Cifrado de extremo a extremo:&nbsp;<\/strong>tendr\u00e1s las comunicaciones cifradas en todo su recorrido, con el objetivo de prevenir ataques.<\/li>\n\n\n\n<li><strong>Logs de conexi\u00f3n:&nbsp;<\/strong>ser\u00e1s capaz de mantener un registro de los dispositivos que se han conectado a tu red privada.<\/li>\n\n\n\n<li><strong>Control de acceso:&nbsp;<\/strong>tendr\u00e1s la posibilidad de permitir la conexi\u00f3n a tu red privada \u00fanica y exclusivamente a los dispositivos autorizados por ti.<\/li>\n\n\n\n<li><strong>Dispositivos m\u00f3viles:&nbsp;<\/strong>podr\u00e1s hacer uso de esta soluci\u00f3n desde dispositivos m\u00f3viles.<\/li>\n\n\n\n<li><strong>Configuraci\u00f3n inicial y actualizaciones de seguridad:&nbsp;<\/strong>dispondr\u00e1s de una configuraci\u00f3n inicial para que puedas usarlo correctamente, con las respectivas actualizaciones de firmas de malware y otros datos para detecci\u00f3n de amenazas adem\u00e1s de las actualizaciones de software de seguridad peri\u00f3dicas requeridas.<\/li>\n<\/ul>\n\n\n\n<h2 class=\"wp-block-heading\">Porcentajes de ejecuci\u00f3n asociados a las fases<\/h2>\n\n\n\n<ul class=\"wp-block-list\">\n<li>Primera: 70 %<\/li>\n\n\n\n<li>Segunda: 30 %<\/li>\n<\/ul>\n\n\n\n<h2 class=\"wp-block-heading\">\u200bAyuda m\u00e1xima<\/h2>\n\n\n\n<ul class=\"wp-block-list\">\n<li>0 &lt; 3 empleados: 125\u20ac\/usuario (hasta 2 usuario)<\/li>\n\n\n\n<li>3 &lt; 9 empleados: 125\u20ac\/usuario (hasta 9 usuario)<\/li>\n\n\n\n<li>10 &lt; 50 empleados: 125\u20ac\/usuario (hasta 48 usuario)<\/li>\n<\/ul>\n\n\n\n<h2 class=\"wp-block-heading\">precio<\/h2>\n\n\n\n<ul class=\"wp-block-list\">\n<li class=\"rojo\">0 &lt; 3 empleados: 125\u20ac\/usuario (hasta 2 usuario)<\/li>\n\n\n\n<li class=\"rojo\">3 &lt; 9 empleados: 125\u20ac\/usuario (hasta 9 usuario)<\/li>\n\n\n\n<li class=\"rojo\">10 &lt; 50 empleados: 125\u20ac\/usuario (hasta 48 usuario)<\/li>\n<\/ul>\n","protected":false},"excerpt":{"rendered":"<p>Con esta soluci\u00f3n dispondr\u00e1s de seguridad en las conexiones entre los dispositivos de tus empleados y la empresa. Funcionalidades&nbsp;y servicios Porcentajes de ejecuci\u00f3n asociados a las fases \u200bAyuda m\u00e1xima precio<\/p>\n","protected":false},"author":1,"featured_media":0,"parent":0,"menu_order":0,"comment_status":"closed","ping_status":"closed","template":"","meta":{"site-sidebar-layout":"default","site-content-layout":"default","ast-main-header-display":"","ast-hfb-above-header-display":"","ast-hfb-below-header-display":"","ast-hfb-mobile-header-display":"","site-post-title":"","ast-breadcrumbs-content":"","ast-featured-img":"","footer-sml-layout":"","theme-transparent-header-meta":"","adv-header-id-meta":"","stick-header-meta":"","header-above-stick-meta":"","header-main-stick-meta":"","header-below-stick-meta":"","footnotes":""},"class_list":["post-619","page","type-page","status-publish","hentry"],"_links":{"self":[{"href":"https:\/\/kitdigitalempresas.es\/index.php\/wp-json\/wp\/v2\/pages\/619","targetHints":{"allow":["GET"]}}],"collection":[{"href":"https:\/\/kitdigitalempresas.es\/index.php\/wp-json\/wp\/v2\/pages"}],"about":[{"href":"https:\/\/kitdigitalempresas.es\/index.php\/wp-json\/wp\/v2\/types\/page"}],"author":[{"embeddable":true,"href":"https:\/\/kitdigitalempresas.es\/index.php\/wp-json\/wp\/v2\/users\/1"}],"replies":[{"embeddable":true,"href":"https:\/\/kitdigitalempresas.es\/index.php\/wp-json\/wp\/v2\/comments?post=619"}],"version-history":[{"count":3,"href":"https:\/\/kitdigitalempresas.es\/index.php\/wp-json\/wp\/v2\/pages\/619\/revisions"}],"predecessor-version":[{"id":679,"href":"https:\/\/kitdigitalempresas.es\/index.php\/wp-json\/wp\/v2\/pages\/619\/revisions\/679"}],"wp:attachment":[{"href":"https:\/\/kitdigitalempresas.es\/index.php\/wp-json\/wp\/v2\/media?parent=619"}],"curies":[{"name":"wp","href":"https:\/\/api.w.org\/{rel}","templated":true}]}}