{"id":626,"date":"2022-01-12T17:16:13","date_gmt":"2022-01-12T17:16:13","guid":{"rendered":"https:\/\/kitdigitalempresas.es\/?page_id=626"},"modified":"2022-02-09T11:54:31","modified_gmt":"2022-02-09T11:54:31","slug":"comercio-electronico","status":"publish","type":"page","link":"https:\/\/kitdigitalempresas.es\/index.php\/comercio-electronico\/","title":{"rendered":"Comercio electr\u00f3nico"},"content":{"rendered":"\n<p class=\"has-text-align-center\"><strong>Importe m\u00e1ximo de la ayuda: 2.000 \u20ac<\/strong><\/p>\n\n\n\n<hr class=\"wp-block-separator has-text-color has-background has-vivid-red-background-color has-vivid-red-color\"\/>\n\n\n\n<h3 class=\"wp-block-heading\" id=\"desarrollo-de-tienda-online\"><strong>Desarrollo de tienda online<\/strong><\/h3>\n\n\n\n<p>Crea una tienda online para tu negocio y empieza a vender tus productos de forma online. Desarrollaremos la tienda de manera que t\u00fa puedas gestionar tanto el inventario como los pedidos recibidos de forma sencilla.<\/p>\n\n\n\n<p>La tienda online incluye:<\/p>\n\n\n\n<ul class=\"wp-block-list\"><li>Dominio y alojamiento durante 1 a\u00f1o<\/li><li>Instalaci\u00f3n de ecommerce<em> open source<\/em><\/li><li>Dise\u00f1o y programaci\u00f3n de tienda online adaptable a todos los dispositivos (<em>responsive web design<\/em>)<\/li><li>Creaci\u00f3n de estructura de navegaci\u00f3n y ficha de producto<\/li><li>Redacci\u00f3n de textos para 3 p\u00e1ginas est\u00e1ticas a partir de informaci\u00f3n proporcionada por el cliente (qui\u00e9nes somos, servicios, contacto\u2026)<\/li><li>Alta de 25 productos (informaci\u00f3n proporcionada por el cliente).<\/li><li>Configuraci\u00f3n de m\u00e9todos de pago y de env\u00edo.<\/li><li>Mantenimiento t\u00e9cnico incluido durante 1 a\u00f1o (actualizaciones de seguridad y plugins)<\/li><\/ul>\n\n\n\n<p class=\"has-text-align-right has-vivid-red-color has-text-color\"><strong>Precio de la tienda online: 1.900 \u20ac<\/strong><\/p>\n","protected":false},"excerpt":{"rendered":"<p>Importe m\u00e1ximo de la ayuda: 2.000 \u20ac Desarrollo de tienda online Crea una tienda online para tu negocio y empieza a vender tus productos de forma online. Desarrollaremos la tienda de manera que t\u00fa puedas gestionar tanto el inventario como los pedidos recibidos de forma sencilla. La tienda online incluye: Dominio y alojamiento durante 1 &hellip;<\/p>\n<p class=\"read-more\"> <a class=\"\" href=\"https:\/\/kitdigitalempresas.es\/index.php\/comercio-electronico\/\"> <span class=\"screen-reader-text\">Comercio electr\u00f3nico<\/span> Leer m\u00e1s &raquo;<\/a><\/p>\n","protected":false},"author":1,"featured_media":0,"parent":0,"menu_order":0,"comment_status":"closed","ping_status":"closed","template":"","meta":{"site-sidebar-layout":"default","site-content-layout":"default","ast-main-header-display":"","ast-hfb-above-header-display":"","ast-hfb-below-header-display":"","ast-hfb-mobile-header-display":"","site-post-title":"","ast-breadcrumbs-content":"","ast-featured-img":"","footer-sml-layout":"","theme-transparent-header-meta":"","adv-header-id-meta":"","stick-header-meta":"","header-above-stick-meta":"","header-main-stick-meta":"","header-below-stick-meta":"","footnotes":""},"class_list":["post-626","page","type-page","status-publish","hentry"],"_links":{"self":[{"href":"https:\/\/kitdigitalempresas.es\/index.php\/wp-json\/wp\/v2\/pages\/626","targetHints":{"allow":["GET"]}}],"collection":[{"href":"https:\/\/kitdigitalempresas.es\/index.php\/wp-json\/wp\/v2\/pages"}],"about":[{"href":"https:\/\/kitdigitalempresas.es\/index.php\/wp-json\/wp\/v2\/types\/page"}],"author":[{"embeddable":true,"href":"https:\/\/kitdigitalempresas.es\/index.php\/wp-json\/wp\/v2\/users\/1"}],"replies":[{"embeddable":true,"href":"https:\/\/kitdigitalempresas.es\/index.php\/wp-json\/wp\/v2\/comments?post=626"}],"version-history":[{"count":3,"href":"https:\/\/kitdigitalempresas.es\/index.php\/wp-json\/wp\/v2\/pages\/626\/revisions"}],"predecessor-version":[{"id":666,"href":"https:\/\/kitdigitalempresas.es\/index.php\/wp-json\/wp\/v2\/pages\/626\/revisions\/666"}],"wp:attachment":[{"href":"https:\/\/kitdigitalempresas.es\/index.php\/wp-json\/wp\/v2\/media?parent=626"}],"curies":[{"name":"wp","href":"https:\/\/api.w.org\/{rel}","templated":true}]}}